common divisor of 132 and 188658294.
66
What is the highest common factor of 3114 and 444186?
18
What is the greatest common divisor of 47816 and 27096?
8
Calculate the greatest common factor of 215083582 and 238.
14
What is the greatest common factor of 819 and 28239?
3
Calculate the greatest common divisor of 17137820 and 7335.
815
What is the greatest common divisor of 1737953 and 2387?
217
Calculate the highest common factor of 53219560 and 334.
334
Calculate the highest common divisor of 6552 and 174272280.
2184
What is the greatest common factor of 168 and 29627192?
56
What is the greatest common divisor of 1598 and 81906?
34
Calculate the greatest common divisor of 81 and 10178019.
9
Calculate the greatest common factor of 42869 and 18419.
163
What is the greatest common factor of 8 and 11840952?
8
Calculate the greatest common divisor of 76875 and 3022725.
3075
What is the greatest common factor of 15585 and 56985?
15
What is the greatest common factor of 504 and 11781168?
168
What is the highest common divisor of 37429 and 49189?
7
What is the greatest common factor of 73104080 and 12784?
272
Calculate the greatest common factor of 255955 and 1404025.
2485
What is the greatest common factor of 2945934 and 8174?
122
What is the highest common factor of 865521 and 3009?
51
Calculate the highest common divisor of 1747125 and 7375.
125
What is the highest common factor of 13222 and 10494?
22
What is the highest common divisor of 77281404 and 1218?
174
Calculate the highest common divisor of 83224076 and 52.
52
Calculate the highest common divisor of 13714979 and 3268.
817
Calculate the highest common divisor of 1655371 and 3151.
137
What is the greatest common divisor of 219840 and 3085?
5
What is the greatest common factor of 22221 and 3299407?
823
What is the greatest common divisor of 191 and 1127261563?
191
Calculate the highest common factor of 2117 and 468118.
29
What is the greatest common factor of 17552 and 263?
1
What is the greatest common divisor of 822102 and 16?
2
What is the highest common divisor of 30530 and 82345?
215
Calculate the highest common factor of 1568 and 288447712.
1568
Calculate the greatest common factor of 944940 and 450.
30
What is the greatest common divisor of 735 and 52068135?
735
What is the highest common factor of 84427 and 5169?
1723
What is the greatest common factor of 200259 and 12339?
27
What is the highest common factor of 6036 and 10248?
12
Calculate the highest common divisor of 71761955 and 437.
437
Calculate the highest common factor of 84666 and 351642.
618
What is the greatest common divisor of 2544538938 and 3306?
3306
What is the highest common factor of 211447644 and 12?
12
Calculate the greatest common factor of 77474341 and 14210.
1421
Calculate the greatest common divisor of 41060030 and 2090.
110
Calculate the highest common divisor of 309621 and 128953177.
7939
What is the highest common divisor of 20272 and 1208899?
181
What is the highest common factor of 4524656640 and 11130?
11130
What is the greatest common divisor of 190 and 583948926?
38
What is the greatest common divisor of 12 and 12015600?
12
Calculate the greatest common divisor of 4632 and 143978.
386
Calculate the greatest common factor of 403308 and 6698.
34
Calculate the highest common divisor of 580880 and 280576.
2192
What is the highest common divisor of 29545 and 238811?
19
Calculate the greatest common divisor of 1549758 and 168.
42
What is the greatest common factor of 341 and 979724?
31
Calculate the highest common factor of 36168907 and 77295.
5153
Calculate the greatest common factor of 891497 and 884.
17
Calculate the highest common divisor of 631612 and 2935.
587
What is the greatest common factor of 80856 and 37452?
12
Calculate the highest common divisor of 354300260 and 7240.
3620
What is the highest common divisor of 3332 and 119544?
68
What is the greatest common factor of 175120 and 72400?
80
Calculate the greatest common divisor of 99 and 17432379.
9
Calculate the highest common factor of 402123 and 160476.
933
What is the highest common factor of 12968910 and 180?
90
What is the greatest common divisor of 23803 and 61802?
13
Calculate the greatest common factor of 20 and 6283765.
5
Calculate the greatest common factor of 26 and 172453762.
26
What is the greatest common factor of 33259860 and 14760?
180
Calculate the highest common factor of 3290686 and 182.
14
Calculate the greatest common factor of 27779687 and 40391.
3107
Calculate the greatest common factor of 598317 and 221307.
213
What is the greatest common factor of 140000 and 53725?
175
What is the greatest common divisor of 78453 and 66861?
207
What is the greatest common factor of 2201 and 212071?
31
What is the greatest common divisor of 870 and 2965395?
435
What is the highest common divisor of 153276 and 76308?
12
What is the highest common factor of 164 and 4652106?
82
Calculate the highest common divisor of 139461313 and 733.
733
What is the greatest common factor of 13602 and 32139259?
2267
What is the greatest common factor of 188 and 21086409?
47
Calculate the highest common divisor of 2490 and 74433570.
2490
What is the highest common divisor of 2388 and 54927781?
199
Calculate the greatest common divisor of 23729792 and 91311.
2767
What is the highest common divisor of 24992 and 6650428?
284
What is the highest common divisor of 1440 and 1317870?
90
What is the greatest common factor of 1650564 and 1488?
372
Calculate the highest common divisor of 1840 and 55295.
5
What is the greatest common divisor of 958 and 780080240?
958
What is the greatest common factor of 18 and 51876522?
18
What is the greatest common factor of 6064 and 60882181?
379
Calculate the highest common factor of 8767599 and 2252.
563
What is the greatest common divisor of 37932 and 143637?
87
What is the highest common factor of 27675 and 3763125?
675
What is the highest common divisor of 45 and 11832405?
15
What is the greatest common divisor of 47172838 and 1310?
262
What is the greatest common divisor of 1774685 and 715?
55
Calculate the highest common divisor of 141 and 1201041.
3
What is the highest common factor of 56279814 and 453?
453
Calculate the highest common divisor of 30471 and 63882.
21
Calculate the greatest common factor of 888 and 27389176.
296
Calculate the greatest common divisor of 1676505 and 285.
15
What is the highest common divisor of 912 and 81038400?
48
What is the highest common factor of 3422 and 125106?
58
Calculate the highest common divisor of 412 and 125012.
4
Calculate the greatest common divisor of 9867 and 25706571.
759
Calculate the highest common factor of 3723234 and 40224.
2514
Calculate the highest common factor of 130463403 and 42.
21
What is the greatest common divisor of 185124080 and 80?
80
Calculate the greatest common factor of 195 and 16350720.
15
What is the greatest common factor of 13565068 and 14036?
484
Calculate the highest common divisor of 605496529 and 219.
73
What is the greatest common divisor of 825316973 and 13?
13
What is the greatest common factor of 2 and 8166944?
2
Calculate the greatest common factor of 6 and 38159454.
6
Calculate the highest common factor of 52803726 and 48978.
5442
What is the greatest common divisor of 17145 and 881280?
135
Calculate the greatest common divisor of 37 and 79652712.
37
Calculate the greatest common factor of 1680901 and 3.
1
Calculate the highest common factor of 240 and 255422640.
240
Calculate the greatest common factor of 192282 and 250230.
2634
What is the greatest common factor of 22278388 and 308?
44
Calculate the greatest common divisor of 106267 and 99847223.
6251
What is the highest common factor of 2338515450 and 300?
150
Calculate the greatest common divisor of 4420 and 169660.
340
Calculate the highest common factor of 2546950 and 2870.
70
What is the greatest common divisor of 1672 and 46806652?
76
What is the greatest common divisor of 12814816 and 4256?
4256
What is the greatest common divisor of 3354 and 1071564?
78
What is the greatest common divisor of 10624 and 621472?
32
What is the greatest common divisor of 284109 and 228037?
163
What is the greatest common divisor of 20345 and 281407971?
4069
What is the greatest common factor of 27